{"id":6,"date":"2015-09-25T11:04:49","date_gmt":"2015-09-25T11:04:49","guid":{"rendered":"http:\/\/medison.info\/medison\/?page_id=6"},"modified":"2023-05-15T10:52:49","modified_gmt":"2023-05-15T09:52:49","slug":"witamy","status":"publish","type":"page","link":"https:\/\/medison.info\/medison\/","title":{"rendered":"Ci\u0105gle zmieniamy si\u0119 dla Ciebie."},"content":{"rendered":"<h2 class=\"art-postheader\"><\/h2>\n<div class=\"art-postcontent art-postcontent-0 clearfix\">\n<div class=\"art-content-layout\">\n<div class=\"art-content-layout-row responsive-layout-row-3\">\n<div class=\"art-layout-cell layout-item-0\">\n<h2><\/h2>\n<h2><\/h2>\n<\/div>\n<\/div>\n<\/div>\n<\/div>\n<div class=\"art-postcontent art-postcontent-0 clearfix\">\n<div class=\"art-content-layout\">\n<div class=\"art-content-layout-row responsive-layout-row-1\">\n<div class=\"art-layout-cell layout-item-1\">\n<p style=\"text-align: center;\"><strong>Boutique B&amp;B\u00a0MEDISON to idealne miejsce dla wszystkich, ceni\u0105cych sobie kameralny klimat, rodzinn\u0105 atmosfer\u0119 oraz spok\u00f3j z dala od ha\u0142asu i zgie\u0142ku centrum miasta.<\/strong><\/p>\n<h3 style=\"text-align: center;\"><strong>Szczeg\u00f3\u0142owe informacje oraz rezerwacje:\u00a0<\/strong><\/h3>\n<p style=\"text-align: center;\"><strong>Agnieszka Janicka-Maj<\/strong><br \/>\n<strong>tel. <a href=\"callto:+48695660340\">695 660 340<\/a><\/strong><br \/>\n<strong><a href=\"mailto:rezerwacje@medison.info\" target=\"_blank\" rel=\"noopener noreferrer\">rezerwacje@medison.info<\/a><\/strong><\/p>\n<p style=\"text-align: center;\"><strong>lub za po\u015brednictwem serwisu rezerwacyjnego Booking.com\u00a0<a href=\"https:\/\/www.booking.com\/hotel\/pl\/medison.pl.html?label=social_sharecenter_facebook\" target=\"_blank\" rel=\"noopener noreferrer\">klikaj\u0105c tutaj<\/a><\/strong><\/p>\n<p style=\"text-align: center;\">ZAPRASZAMY!<\/p>\n<\/div>\n<\/div>\n<\/div>\n<div class=\"art-content-layout\">\n<div class=\"art-content-layout-row responsive-layout-row-2\">\n<div class=\"art-layout-cell layout-item-1\">\n<p style=\"text-align: center;\">Bezp\u0142atny parking<\/p>\n<p><img decoding=\"async\" loading=\"lazy\" class=\"aligncenter\" src=\"https:\/\/medison.info\/ors\/images\/tmpFA82.png\" alt=\"\" width=\"207\" height=\"207\" \/><\/p>\n<\/div>\n<div class=\"art-layout-cell layout-item-1\">\n<p style=\"text-align: center;\">\u015aniadanie w cenie pokoju<\/p>\n<p><img decoding=\"async\" loading=\"lazy\" class=\"aligncenter\" src=\"https:\/\/medison.info\/ors\/images\/tmpB1FF.png\" alt=\"\" width=\"207\" height=\"207\" \/><\/p>\n<\/div>\n<div class=\"art-layout-cell layout-item-1\">\n<p style=\"text-align: center;\">Bezp\u0142atne WiFi<\/p>\n<p><img decoding=\"async\" loading=\"lazy\" class=\"aligncenter\" src=\"https:\/\/medison.info\/ors\/images\/tmpC4A6.png\" alt=\"\" width=\"207\" height=\"207\" \/><\/p>\n<\/div>\n<div class=\"art-layout-cell layout-item-1\">\n<p style=\"text-align: center;\">Akceptujemy p\u0142atno\u015bci kart\u0105<\/p>\n<p><img decoding=\"async\" loading=\"lazy\" class=\"aligncenter\" src=\"https:\/\/medison.info\/ors\/images\/tmpD106.png\" alt=\"\" width=\"207\" height=\"207\" \/><\/p>\n<\/div>\n<\/div>\n<\/div>\n<div class=\"art-content-layout\">\n<div class=\"art-layout-cell layout-item-1\">\n<p style=\"text-align: center;\"><a href=\"https:\/\/www.booking.com\/hotel\/pl\/medison.pl.html?aid=311097;label=medison-U1h_2WfVZ64frVqffGNBbQS62229288396:pl:ta:p1:p2:ac:ap1t1:neg;sid=409ded7c40417babb6cdaaa9ec8d053d;dcid=1;dist=0;srfid=4083e83a2eaa34befd9a9d50d741c6230ea3b544X1;type=total;ucfs=1&amp;#tab-reviews\" target=\"_blank\" rel=\"noopener noreferrer\">Nasz\u0105 najlepsz\u0105 rekomendacj\u0105 s\u0105 opinie naszych go\u015bci.<\/a><\/p>\n<p style=\"text-align: center;\"><a href=\"https:\/\/www.booking.com\/hotel\/pl\/medison.pl.html?aid=311097;label=medison-U1h_2WfVZ64frVqffGNBbQS62229288396:pl:ta:p1:p2:ac:ap1t1:neg;sid=409ded7c40417babb6cdaaa9ec8d053d;dcid=1;dist=0;srfid=4083e83a2eaa34befd9a9d50d741c6230ea3b544X1;type=total;ucfs=1&amp;#tab-reviews\" target=\"_blank\" rel=\"noopener noreferrer\">Sprawdzisz je w serwisie rezerwacyjnym&#8230;<\/a><\/p>\n<p><a href=\"https:\/\/www.booking.com\/hotel\/pl\/medison.pl.html?aid=311097;label=medison-U1h_2WfVZ64frVqffGNBbQS62229288396:pl:ta:p1:p2:ac:ap1t1:neg;sid=409ded7c40417babb6cdaaa9ec8d053d;dcid=4;dist=0;srfid=4083e83a2eaa34befd9a9d50d741c6230ea3b544X1;type=total;ucfs=1&amp;#tab-reviews\" target=\"_blank\" rel=\"noopener noreferrer\"><img decoding=\"async\" loading=\"lazy\" class=\"aligncenter\" src=\"https:\/\/medison.info\/ors\/images\/eb14e4a5bf1b67fc294c8dfcfee5b266c672db4c.png\" alt=\"Booking.com\" width=\"91\" height=\"26\" \/><\/a><\/p>\n<\/div>\n<h3 class=\"art-content-layout-row responsive-layout-row-1\" style=\"text-align: center;\"><\/h3>\n<h3 class=\"art-content-layout-row responsive-layout-row-1\" style=\"text-align: center;\"><\/h3>\n<\/div>\n<div class=\"art-content-layout\">\n<div class=\"art-content-layout\">\n<hr \/>\n<h3 class=\"art-content-layout-row responsive-layout-row-1\" style=\"text-align: center;\"><strong>MEDISON wspiera dzia\u0142alno\u015b\u0107 Fundacji na Rzecz Os\u00f3b Niewidomych i S\u0142abowidz\u0105cych VEGA<\/strong><\/h3>\n<div class=\"art-content-layout-row responsive-layout-row-1\" style=\"text-align: center;\"><a href=\"https:\/\/fundacja-vega.pl\" target=\"_blank\" rel=\"noopener noreferrer\"><img decoding=\"async\" loading=\"lazy\" class=\"alignnone wp-image-155 size-medium\" src=\"https:\/\/medison.info\/medison\/wp-content\/uploads\/2015\/09\/logo_vega-300x75.jpg\" alt=\"Logo oraz \u0142\u0105cze do strony fundacji VEGA\" width=\"300\" height=\"75\" \/><\/a><\/div>\n<div class=\"art-content-layout-row responsive-layout-row-1\" style=\"text-align: center;\"><strong>Ty te\u017c mo\u017cesz! Wystarczy prosty gest!<\/strong><\/div>\n<div class=\"art-content-layout-row responsive-layout-row-1\" style=\"text-align: center;\"><strong>Aby dowiedzie\u0107 si\u0119 jak pom\u00f3c, kliknij na poni\u017cszy banner&#8230;<\/strong><\/div>\n<\/div>\n<div class=\"art-content-layout-row responsive-layout-row-1\" style=\"text-align: center;\"><a href=\"https:\/\/fundacja-vega.pl\/index.php\/przybij-piatke\/\" target=\"_blank\" rel=\"noopener noreferrer\"><img decoding=\"async\" loading=\"lazy\" class=\"alignnone wp-image-156\" src=\"https:\/\/medison.info\/medison\/wp-content\/uploads\/2015\/09\/gm5.png\" alt=\"Przybij pi\u0105tk\u0119 i wesprzyj dzia\u0142alno\u015b\u0107 fundacji VEGA\" width=\"132\" height=\"180\" \/><\/a><\/div>\n<div class=\"art-content-layout-row responsive-layout-row-1\" style=\"text-align: center;\"><strong>Dzi\u0119kujemy!<\/strong><\/div>\n<\/div>\n<div class=\"art-content-layout-row responsive-layout-row-1\" style=\"text-align: center;\"><\/div>\n<div class=\"art-content-layout\"><\/div>\n<\/div>\n","protected":false},"excerpt":{"rendered":"<p>Boutique B&amp;B\u00a0MEDISON to idealne miejsce dla wszystkich, ceni\u0105cych sobie kameralny klimat, rodzinn\u0105 atmosfer\u0119 oraz spok\u00f3j z dala od ha\u0142asu i zgie\u0142ku centrum miasta. Szczeg\u00f3\u0142owe informacje oraz rezerwacje:\u00a0 Agnieszka Janicka-Maj tel. 695 660 340 rezerwacje@medison.info lub za po\u015brednictwem serwisu rezerwacyjnego Booking.com\u00a0klikaj\u0105c tutaj ZAPRASZAMY! Bezp\u0142atny parking \u015aniadanie w cenie pokoju Bezp\u0142atne WiFi Akceptujemy p\u0142atno\u015bci kart\u0105 Nasz\u0105 najlepsz\u0105 [&hellip;]<\/p>\n","protected":false},"author":1,"featured_media":0,"parent":0,"menu_order":0,"comment_status":"closed","ping_status":"closed","template":"","meta":[],"_links":{"self":[{"href":"https:\/\/medison.info\/medison\/index.php\/wp-json\/wp\/v2\/pages\/6"}],"collection":[{"href":"https:\/\/medison.info\/medison\/index.php\/wp-json\/wp\/v2\/pages"}],"about":[{"href":"https:\/\/medison.info\/medison\/index.php\/wp-json\/wp\/v2\/types\/page"}],"author":[{"embeddable":true,"href":"https:\/\/medison.info\/medison\/index.php\/wp-json\/wp\/v2\/users\/1"}],"replies":[{"embeddable":true,"href":"https:\/\/medison.info\/medison\/index.php\/wp-json\/wp\/v2\/comments?post=6"}],"version-history":[{"count":31,"href":"https:\/\/medison.info\/medison\/index.php\/wp-json\/wp\/v2\/pages\/6\/revisions"}],"predecessor-version":[{"id":355,"href":"https:\/\/medison.info\/medison\/index.php\/wp-json\/wp\/v2\/pages\/6\/revisions\/355"}],"wp:attachment":[{"href":"https:\/\/medison.info\/medison\/index.php\/wp-json\/wp\/v2\/media?parent=6"}],"curies":[{"name":"wp","href":"https:\/\/api.w.org\/{rel}","templated":true}]}}